ndred thousands digit of 391675097?
6
What is the tens digit of 10553426?
2
What is the billions digit of 2061392630?
2
What is the units digit of 1517252712?
2
What is the hundreds digit of 312014250?
2
What is the units digit of 153306831?
1
What is the thousands digit of 36299961?
9
What is the ten millions digit of 20306067?
2
What is the hundred thousands digit of 15682501?
6
What is the hundreds digit of 2892411049?
0
What is the ten millions digit of 2436147557?
3
What is the millions digit of 514150813?
4
What is the ten millions digit of 21589466?
2
What is the hundred thousands digit of 260543843?
5
What is the thousands digit of 1086127354?
7
What is the hundreds digit of 43289269?
2
What is the hundreds digit of 13447568?
5
What is the hundreds digit of 4564456153?
1
What is the millions digit of 3335361345?
5
What is the units digit of 2077346720?
0
What is the hundred millions digit of 426347444?
4
What is the hundred millions digit of 2799499028?
7
What is the thousands digit of 4477767463?
7
What is the millions digit of 896410338?
6
What is the hundred thousands digit of 29423069?
4
What is the units digit of 10510677?
7
What is the tens digit of 11256223?
2
What is the millions digit of 458707474?
8
What is the units digit of 858570944?
4
What is the hundreds digit of 19378359?
3
What is the units digit of 55973293?
3
What is the tens digit of 407647296?
9
What is the units digit of 36189333?
3
What is the tens digit of 144228233?
3
What is the hundreds digit of 233201930?
9
What is the millions digit of 2452969267?
2
What is the thousands digit of 2911708891?
8
What is the hundred thousands digit of 1632102377?
1
What is the ten millions digit of 32522775?
3
What is the millions digit of 3879692?
3
What is the tens digit of 258721787?
8
What is the ten millions digit of 65247659?
6
What is the thousands digit of 37079195?
9
What is the hundreds digit of 690910276?
2
What is the ten millions digit of 202846062?
0
What is the thousands digit of 120219012?
9
What is the hundred thousands digit of 4616986217?
9
What is the units digit of 64385490?
0
What is the hundreds digit of 27824728?
7
What is the tens digit of 763880167?
6
What is the units digit of 635596380?
0
What is the hundreds digit of 50936543?
5
What is the tens digit of 4004401137?
3
What is the millions digit of 64691943?
4
What is the units digit of 289927987?
7
What is the thousands digit of 1093079777?
9
What is the ten thousands digit of 1371567075?
6
What is the thousands digit of 1461908008?
8
What is the millions digit of 928384244?
8
What is the tens digit of 1176619459?
5
What is the hundreds digit of 163741680?
6
What is the hundred millions digit of 1343850372?
3
What is the thousands digit of 1019439103?
9
What is the ten millions digit of 149404877?
4
What is the units digit of 546812931?
1
What is the thousands digit of 3926948540?
8
What is the units digit of 299904935?
5
What is the hundreds digit of 108399422?
4
What is the units digit of 96525837?
7
What is the thousands digit of 77227397?
7
What is the hundreds digit of 663993420?
4
What is the hundreds digit of 2424663662?
6
What is the ten millions digit of 24634027?
2
What is the hundreds digit of 224432206?
2
What is the ten millions digit of 77985533?
7
What is the hundreds digit of 210385947?
9
What is the tens digit of 25998671?
7
What is the hundreds digit of 679056641?
6
What is the ten thousands digit of 33867488?
6
What is the hundred millions digit of 167216574?
1
What is the hundred millions digit of 712855510?
7
What is the thousands digit of 38370008?
0
What is the hundred thousands digit of 34685801?
6
What is the hundred thousands digit of 2509714165?
7
What is the hundred thousands digit of 49560686?
5
What is the ten millions digit of 216429609?
1
What is the hundred thousands digit of 29132839?
1
What is the billions digit of 1259201651?
1
What is the hundred thousands digit of 3536838291?
8
What is the ten millions digit of 2654583773?
5
What is the ten thousands digit of 23809345?
0
What is the millions digit of 485127052?
5
What is the units digit of 1030645249?
9
What is the tens digit of 1338305964?
6
What is the tens digit of 34018623?
2
What is the millions digit of 28158311?
8
What is the ten thousands digit of 464664048?
6
What is the hundred millions digit of 1682949438?
6
What is the ten thousands digit of 60523921?
2
What is the ten millions digit of 43361466?
4
What is the units digit of 2997753254?
4
What is the hundreds digit of 3875051632?
6
What is the ten thousands digit of 3307172433?
7
What is the tens digit of 15312091?
9
What is the ten millions digit of 33545013?
3
What is the ten thousands digit of 11371445?
7
What is the hundred thousands digit of 184815508?
8
What is the ten thousands digit of 211726344?
2
What is the millions digit of 124008320?
4
What is the hundreds digit of 149900812?
8
What is the tens digit of 8521586?
8
What is the hundreds digit of 31070957?
9
What is the thousands digit of 41363848?
3
What is the tens digit of 1115098036?
3
What is the thousands digit of 6980377165?
7
What is the tens digit of 227489573?
7
What is the units digit of 586477313?
3
What is the hundreds digit of 16748834?
8
What is the millions digit of 4671915638?
1
What is the tens digit of 93843223?
2
What is the hundreds digit of 1313806615?
6
What is the hundred millions digit of 1753782564?
7
What is the units digit of 47407764?
4
What is the tens digit of 216371285?
8
What is the millions digit of 2922580890?
2
What is the ten thousands digit of 102150232?
5
What is the ten millions digit of 758193844?
5
What is the hundred thousands digit of 19871739?
8
What is the tens digit of 908416728?
2
What is the units digit of 735426149?
9
What is the tens digit of 112736682?
8
What is the ten thousands digit of 428003582?
0
What is the ten thousands digit of 166863192?
6
What is the hundred thousands digit of 342000146?
0
What is the ten thousands digit of 696551?
9
What is the hundreds digit of 53613889?
8
What is the ten thousands digit of 1569662110?
6
What is the thousands digit of 252796651?
6
What is the hundreds digit of 279706107?
1
What is the ten thousands digit of 1737723061?
2
What is the units digit of 347080562?
2
What is the ten millions digit of 12151157?
1
What is the millions digit of 140518954?
0
What is the thousands digit of 966852?
6
What is the hundred millions digit of 3502203499?
5
What is the tens digit of 467326593?
9
What is the hundreds digit of 1042110588?
5
What is the ten millions digit of 207663391?
0
What is the hundreds digit of 1171301062?
0
What is the units digit of 90013238?
8
What is the ten millions digit of 558359158?
5
What is the tens digit of 138742746?
4
What is the millions digit of 40736339?
0
What is the thousands digit of 304878265?
8
What is the ten millions digit of 25568593?
2
What is the hundred millions digit of 216326226?
2
What is the millions digit of 1827489184?
7
What is the hundreds digit of 32352241?
2
What is the hundred thousands digit of 43576165?
5
What is the millions digit of 507892214?
7
What is the billions digit of 3293228895?
3
What is the hundreds digit of 66693505?
5
What is the ten millions digit of 11113352?
1
What is the ten thousands digit of 1692151971?
5
What is the millions digit of 2140484714?
0
What is the millions digit of 248977444?
8
What is the hundred thousands digit of 421099623?
0
What is the ten millions digit of 2015882468?
1
What is the units digit of 36102886?
6
What is the tens digit of 2633072569?
6
What is the ten thousands digit of 662262183?
6
What is the units digit of 137516470?
0
What is the ten millions digit of 3156269196?
5
What is the hundreds digit of 4732143202?
2
What is the tens digit of 1062288690?
9
What is the millions digit of 7259370913?
9
What is the thousands digit of 5954331609?
1
What is the millions digit of 6306770652?
6
What is the hundred thousands digit of 10477170?
4
What is the ten millions digit of 58779426?
5
What is the millions digit of 258336954?
8
What is the thousands digit of 77817046?
7
What is the ten millions digit of 360445317?
6
What is the thousands digit of 145624966?
4
What is the hundred thousands digit of 269684465